) = q + 1. Let l(j) = -j**2 - j - 1. Let p(w) = w**3 - 3*w**2 - 3*w + 2. Let k(c) = 2*l(c) - p(c). Let a be k(0). Determine r(a).
-3
Let n be (-2)/(-13)*1 - (-44)/52. Let m(k) = -14*k**3 + 7*k**2 + 6*k - 3. Let j(r) = 9*r**3 - 5*r**2 - 4*r + 2. Let w(u) = -7*j(u) - 5*m(u). Determine w(n).
6
Let h(a) be the second derivative of -a**5/20 - a**4/4 + a**3/2 + 3*a**2/2 + a. Calculate h(-3).
-6
Let v(a) = a**3 + 9*a**2 - 9*a + 10. Let g be v(-10). Let d(w) = -w + 7. Give d(g).
7
Suppose -2*x + 2 = -5*t, 4*t + t - 5 = -5*x. Let g(m) be the second derivative of -m**4/4 + m**3/3 - m**2/2 + 26*m - 1. Calculate g(x).
-2
Suppose 0 = -4*j - 5*p + 37, 0*j - 22 = -3*j + 2*p. Let b = 14 - 10. Let i be (-6)/b*j/(-6). Let s(f) = -f + 3. Calculate s(i).
1
Let a(j) = -11*j**3 + 18*j**2 - 13*j + 12. Let y(z) = 4*z**3 - 6*z**2 + 4*z - 4. Let q = -16 + 24. Let u(l) = q*y(l) + 3*a(l). What is u(5)?
-6
Suppose -3*d = -6, -3*m + 2*d = 4*d + 11. Let z(b) be the second derivative of 0 - 1/2*b**2 - b - 1/6*b**3. Calculate z(m).
4
Suppose -5 = 2*a + 5. Let h(y) = -261 + 531 - y**2 - 2*y - 266. Give h(a).
-11
Let s(w) = -1. Let i(r) = r**2 + 4*r + 5. Let z(h) = i(h) + 6*s(h). Determine z(-4).
-1
Suppose 0 = -6*t + 10*t - 32. Let h(c) = c**3 - 8*c**2 + 2*c - 9. Calculate h(t).
7
Let s(f) = -f - 13. Let v be s(-12). Let j(x) = -4*x + x**2 + 1 + 4*x + 2*x - 4*x**3. What is j(v)?
4
Let v(o) be the second derivative of -1/2*o**2 + 0 - 5/6*o**3 + o. Let h = 2 + -3. What is v(h)?
4
Let j(i) = -8*i + 1. Let o = -13 + 18. Suppose 4*v + 4*n = 32, -o*v + 2*n = -4*v + 4. Suppose 4 = -v*m - 0*m. Determine j(m).
9
Let l = -21 + 36. Suppose 7*p - 4*p = l. Let m(t) = t - 3 + 1 - p + 4. Give m(3).
0
Let w(x) be the second derivative of -x**4/12 + x**3 - x**2 + 16*x + 1. Determine w(5).
3
Suppose -4*i + 3*m = i - 8, -i = m. Let v(k) = -6*k**3 - k**2. Determine v(i).
-7
Suppose 2*v + 1 = 5*a, -4*a + 3*a - 4*v = 13. Let o(r) = -3*r**2 + r - 5*r**2 - 2*r. Calculate o(a).
-7
Let w(m) = 2*m**3 - 9*m**2 - 5*m - 2. Let n(f) = -f**3 + 5*f**2 + 3*f + 1. Let s(k) = 7*n(k) + 4*w(k). Calculate s(1).
0
Let i(s) = 2*s + 5. Let x(m) = -m**3 - m**2 + 4*m - 3. Let j be x(2). What is i(j)?
-9
Let o(b) be the first derivative of -b**3/3 - 5*b**2/2 - 3*b - 4. What is o(-6)?
-9
Let f(a) = -a**3 + 8*a**2 - 8*a + 2. Let c = -4 + -2. Let h be (2 + -3)*(c - 1). Give f(h).
-5
Let b(j) = -j**2 + 2*j**2 - 21 + 22 - 2*j. Suppose 0*n + n - 23 = -5*r, -4*r = -16. Determine b(n).
4
Let y(v) = -5*v**2 - 5*v - 6. Let h(s) = s**2 - s + 1. Let f(i) = -4*h(i) - y(i). Calculate f(-9).
2
Let r(t) = t**3 - 5*t**2 + 5*t - 4. Let c = 71 + -68. Give r(c).
-7
Let p(w) be the second derivative of w**3/2 - 2*w**2 - w. Suppose 0 = 3*q - 3*o - 24, -6*q = -2*q + 4*o. Determine p(q).
8
Let g(r) = r**2 - 4*r - 5. Let c be (-2)/(3/(-27)*2). Suppose -3*x = -6 - c. What is g(x)?
0
Let i(v) = v**2 - 4*v + 3. Let t be i(4). Let u(s) = -6 + 7 + 3 - s. What is u(t)?
1
Suppose -m + 0 = -1. Let s(o) be the third derivative of -o**6/60 + o**5/120 - o**4/24 + o**3/2 - o**2. Let g(q) be the first derivative of s(q). What is g(m)?
-6
Let i(m) be the third derivative of -m**2 + 0 + 1/24*m**4 + 0*m + 0*m**3. Determine i(2).
2
Let o(h) = h**3 + 6*h**2 - 7. Let k be o(-6). Let d(j) = j**2 + 8*j + 7. Let p be d(k). Let a(x) = p*x**2 + 6*x - 8*x + 4*x**2 + 1. Calculate a(1).
3
Let y(a) = a. Let w(o) = o - 1. Let n(c) = w(c) + y(c). Give n(5).
9
Let x(k) = 2*k + 19*k**2 + 54 - 53 - k. What is x(-1)?
19
Let s be (-2)/4*(-5 + 3). Suppose 0*a - a = -4. Let b(c) = -a*c + s + 5*c - 4*c. What is b(3)?
-8
Let d(h) = -h**3 + 6 - 12 - 2*h**2 + 2 + 2 - 4*h. What is d(-2)?
6
Suppose 2*t = 7 + 1. Let u = t + -2. Let j(h) = 5*h**2 + 3*h**u + 2*h - h. What is j(-1)?
7
Suppose 5*g + 0*g = 25. Suppose -2*q + 23 = 5*u - 5, -5*q - 23 = -3*u. Let o be -5*(u/g)/3. Let b(m) = -m**2 - 2*m + 1. Give b(o).
1
Let b = 6 + -2. Let l = -4 + 7. Let c(x) = l + 0 + 2 - b - 5*x. Determine c(1).
-4
Let a(g) = -g**2 + 5*g - 6. Let j = 24 - 19. Give a(j).
-6
Let a(x) be the first derivative of -x**3/3 - 9*x**2/2 + 3*x + 2. Give a(-7).
17
Let d(g) = g**3 + 9*g**2 + 8*g. Let v be d(-8). Let b = 3 - v. Let s(x) = x**3 - x**2 - 5*x + 2. Calculate s(b).
5
Let w(f) = f. Let r(v) = v**2 + 7*v + 2. Let y(a) = -r(a) + 3*w(a). Let m be (-57)/12 - (-2)/(-8). Determine y(m).
-7
Let r(h) = -h + 1. Let c(w) = 7*w - 1. Let d(g) = -c(g) - 3*r(g). Determine d(2).
-10
Let u be -5 - -2 - (-1 - 1). Let i be (3/(-9))/(1/(-9)). Let z(q) = i*q**2 + 3 - 4 + 1. Determine z(u).
3
Suppose 11 = 5*t + 1. Let g(h) be the first derivative of -h**3/3 + h**2 - 3*h - 2. Give g(t).
-3
Suppose -5*h = -0*x + 2*x + 5, 5*x + 2*h = -23. Let b(u) = 4*u - 2. What is b(x)?
-22
Let a(b) be the second derivative of -b**8/3360 - b**7/1260 - b**5/60 - b**4/6 - b. Let y(d) be the third derivative of a(d). Let l = 2 + -4. What is y(l)?
6
Let z(y) = 2*y + 1. Let f(b) = -b**2 - 6*b - 7. Let k be f(-5). Let c = k + 4. Suppose -3 = -c*r + 3*m, r + 2*m = -2*r + 11. Determine z(r).
7
Suppose 0 = -4*d - x + 2, -2*d = 3*x - x - 4. Let r(w) = w**3 - w**2 - w + 2. Calculate r(d).
2
Let c(k) = k**3 - 6*k**2 - 7*k + 7. Let m be c(7). Let x = m - 4. Let h(j) = -j**3 + 4*j**2 - 3*j + 4. What is h(x)?
4
Let p(o) = -2*o**2 - 8*o + 6. Let f(i) = -i**3 + 3*i - 4. Let a be f(2). Determine p(a).
-18
Let g(r) = 3*r + 4. Let k = -13 + 13. Suppose -4*b = 8, 4*a + 4*b + 32 = -k*a. Determine g(a).
-14
Let x(u) be the second derivative of u**7/2520 + u**6/144 - u**5/60 - u**4/12 + u. Let v(o) be the third derivative of x(o). What is v(-6)?
4
Let h(g) = 2*g + 0 - g - 5. Let v = 12 + -3. Suppose -2*y - 1 = -v. Determine h(y).
-1
Suppose 0 = -3*v + 6*v - 6. Suppose 8 = 5*z - v. Let c(r) = -8*r**2 - 5. Let j(a) = -3*a**2 - 2. Let d(s) = -4*c(s) + 11*j(s). Give d(z).
-6
Let l(o) = o**2 + o - 1. Let s(h) = -10*h**2 - 9*h + 10. Let p(q) = 18*l(q) + 2*s(q). Let w be (-16)/24 - 4/3. What is p(w)?
-6
Let w = -4 - -7. Let j(f) = -f - f + w*f + 1. Let z = -8 - -13. Determine j(z).
6
Let g(n) = -9*n. Let b be -2*1/5*-10. Suppose -c + 3 = b*o - 0, 0 = 5*o. Suppose 0 = -w - c*w + 4. Give g(w).
-9
Let z(p) = p**3 + 4*p**2 - 10*p + 12. Let a be z(-6). Let k(l) be the third derivative of 0 + 1/6*l**3 + l**2 + a*l + 1/8*l**4 - 1/60*l**5. What is k(-2)?
-9
Let f(g) = 2*g + 23. Let m be f(-9). Let s(w) = w**3 - 6*w**2 + 7*w - 3. Determine s(m).
7
Let o(f) = f**2 + 8*f + 6. Let j be (6/4)/(6 + (-594)/96). Determine o(j).
6
Let i(l) be the first derivative of -l**2/2 - 3*l + 18. Give i(0).
-3
Let s(w) = -3*w**3 + 9*w**2 - w - 9. Let v(d) = 2*d**3 - 6*d**2 + d + 6. Let j(l) = 5*s(l) + 7*v(l). Let o = -2 + 10. Suppose 0 = 3*t - o*t + 15. Give j(t).
3
Let v(d) = 6*d**3 + 6*d**2 + 6*d + 8. Let f(u) = -u**3 - 1. Let z(n) = 5*f(n) + v(n). Calculate z(-4).
11
Let j(r) be the second derivative of r**4/12 - 3*r**3/2 - 2*r**2 + 5*r. Give j(7).
-18
Let t(q) be the first derivative of q**2/2 - 2*q - 1. Let j(o) = -4*o**2 - o - 2. Let z(c) = -1. Let r(v) = -j(v) + z(v). Let i be r(-1). Calculate t(i).
2
Let a(h) = -h**3 - h + 5. Let c(k) = -k**3 - 4*k**2 + k + 4. Let z be c(-4). Let d be a(z). Let j(g) = 0*g - 11*g + 10*g + 6. Calculate j(d).
1
Let f(s) = 1 - 3 - 2 + 6*s + 3. Suppose -4 = -4*d + 5*n, 4*d = 4*n + 2 + 2. Determine f(d).
5
Let y(i) = 5*i**2 + i - 1. Let z be (-6)/(-4)*60/(-9). Let q = z - -11. Determine y(q).
5
Let m(k) = -k**3 + 5*k**2 + 8*k - 5. Suppose 0 = -s + 3*s - 12. Determine m(s).
7
Suppose 0*j + 4 = -4*j. Let d(p) = 7*p**3 - p**2 - p. What is d(j)?
-7
Suppose 0 = -5*v + v. Let i be (v/(-6))/(1 - 0). Let g be i*((-3)/(-2))/3. Let n(c) = -c**3 + c**2 + c + 7. What is n(g)?
7
Suppose -2*s = -h + 4 - 5, 2*h + s = -12. Let k(t) = 2*t**2 + 6. Suppose -2 = 3*b - 8. Let q(d) = -d**2 + d - 6. Let a(n) = b*k(n) + 3*q(n). Calculate a(h).
4
Let h = -2 - -4. Suppose 0*j + h*j = -2*p, -p = -j + 8. Let f(k) be the first derivative of k**3/3 - 5*k**2/2 + 4*k - 25. Give f(j).
0
Let f(t) = t + 9. Suppose -2 = -3*m + 5*x, -8 = 2*m + 2*m - 4*x. What is f(m)?
3
Let v(b) = -10*b**3 - 2*b**3 - 4 + 3 + b. Suppose 671*y = 664*y + 7. Give v(y).
-12
Let t(d) = 2*d + 3. Let s be (3 + -2)*2/2. Suppose -3*a = 5 + s. What is t(a)?
-1
Let c(k) = -2*k + 5*k**2 + 9*k - 3*k**2 + 6. Suppose 4*v = 2*v - 16. Let 